51550
Convert 87598 (base 10) to base 6.
1513314
-202312203 (base 4) to base 9
-236736
What is 3092a1 (base 16) in base 4?
30021022201
What is 3c017 (base 16) in base 12?
ba29b
-10cc30 (base 15) to base 16
-c3f3c
What is 130211100221 (base 4) in base 12?
2614035
What is -46863 (base 9) in base 12?
-16163
-222202404 (base 5) to base 6
-32523310
Convert 7684358 (base 9) to base 11.
2370a9a
-1101020010121 (base 3) to base 16
-b2e46
90774 (base 12) to base 4
231311020
1264603 (base 7) to base 2
101000110110101010
What is 1054771 (base 8) in base 5?
33111202
What is 26140a (base 14) in base 12?
531b02
What is 203102113032 (base 4) in base 7?
141424446
What is -1101210012120 (base 3) in base 11?
-468859
Convert 507830 (base 10) to base 9.
853545
-f5db (base 16) to base 11
-43318
-1011010011011001100 (base 2) to base 10
-370380
What is 63aa3 (base 11) in base 4?
112233222
Convert 217275 (base 8) to base 10.
73405
Convert 241b38 (base 13) to base 2.
11010010001100000101
22012211010 (base 3) to base 2
100111011110101010
2423201 (base 6) to base 8
371361
Convert 148301 (base 10) to base 7.
1155236
What is 2472361 (base 8) in base 5?
133412142
What is -204e9d (base 16) in base 4?
-20010322131
Convert -1109381 (base 12) to base 5.
-1313012042
What is 1ac72 (base 14) in base 3?
10110200221
-121227 (base 8) to base 11
-292aa
Convert -211022000 (base 5) to base 8.
-3257724
Convert 13521760 (base 9) to base 11.
385805a
Convert 122202120001221 (base 3) to base 6.
534151424
-5a0cd (base 15) to base 16
-4615c
What is 1625056 (base 8) in base 3?
212212002202
What is -2379825 (base 10) in base 15?
-320200
89181 (base 13) to base 16
3cad7
-1404300 (base 6) to base 13
-29ab4
e5a0a (base 15) to base 6
23333501
Convert 241411013 (base 5) to base 9.
2100860
Convert 1201110012 (base 4) to base 6.
12313210
155746 (base 9) to base 14
2704c
What is 1000010000110001 (base 2) in base 4?
20100301
1310212122 (base 4) to base 12
1b0476
What is -163782 (base 9) in base 6?
-2100415
Convert 2046350 (base 8) to base 14.
102356
What is 363375 (base 10) in base 3?
200110110100
Convert -387812 (base 9) to base 7.
-2000201
-3281687 (base 10) to base 8
-14411427
20668b8 (base 12) to base 11
34a2078
Convert 11132110221 (base 4) to base 12.
592489
-c8702 (base 13) to base 14
-95a4d
Convert -313317 (base 10) to base 7.
-2443314
Convert 101021011212 (base 3) to base 13.
70c85
What is -108a08 (base 11) in base 10?
-172917
Convert -21212112000 (base 4) to base 13.
-6a1487
What is 130443 (base 11) in base 6?
4223225
-1010111000111010 (base 2) to base 6
-542254
Convert -123551 (base 12) to base 3.
-120001101221
Convert 1112530 (base 8) to base 5.
34103001
What is 8401634 (base 9) in base 11?
25966a2
What is 324220 (base 5) in base 3?
120100021
-25aa14 (base 11) to base 5
-101103332
Convert -121220122111 (base 3) to base 8.
-1212140
Convert -223630 (base 11) to base 7.
-3012204
30626155 (base 8) to base 12
22152b9
Convert 21655150 (base 7) to base 10.
1879381
What is 302010000 (base 4) in base 9?
342250
Convert -18596 (base 16) to base 4.
-120112112
Convert -10101011111101111011111 (base 2) to base 16.
-55fbdf
What is -2952344 (base 12) in base 6?
-454150124
564537 (base 11) to base 16
db7fe
-20328 (base 16) to base 9
-220813
208965 (base 10) to base 3
101121122110
Convert 10011000111011101 (base 2) to base 7.
444166
What is -254838 (base 9) in base 16?
-25b86
910871 (base 11) to base 2
101100101101100111010
33124006 (base 7) to base 8
12667543
-1247736 (base 8) to base 10
-348126
10024322332 (base 5) to base 16
98844e
450663 (base 7) to base 9
131133
What is -1123300040 (base 5) in base 16?
-27016e
Convert -baa46 (base 15) to base 13.
-179b6b
What is -71630 (base 9) in base 6?
-1002213
Convert 3981294 (base 10) to base 14.
758ca2
1546057 (base 8) to base 16
6cc2f
Convert 100100011010 (base 2) to base 8.
4432
1000100111010011111 (base 2) to base 15
58981
Convert 11436222 (base 7) to base 15.
151880
-71088f (base 16) to base 2
-11100010000100010001111
Convert 331214430 (base 5) to base 10.
1429365
Convert -2403015 (base 6) to base 8.
-364223
-348096 (base 10) to base 4
-1110333000
-212242011 (base 5) to base 9
-1621050
What is -6629846 (base 10) in base 13?
-14b18b2
What is -2168e (base 16) in base 7?
-1106653
Convert -1842 (base 16) to base 15.
-1c90
What is -30271260 (base 8) in base 4?
-120113022300
Convert 127055 (base 9) to base 12.
388b8
Convert -27577 (base 11) to base 8.
-114570
Convert -1344a1 (base 12) to base 6.
-10455121
-b32b39 (base 12) to base 8
-12545335
What is 15002054 (base 7) in base 6?
50135225
-60c3d9 (base 15) to base 4
-101202131331
Convert -133302032 (base 4) to base 5.
-13131230
What is 385116 (base 9) in base 2?
111000111110100000
Convert -4571444 (base 8) to base 13.
-346362
What is -11ac166 (base 14) in base 6?
-501505102
3151146 (base 7) to base 13
104c5b
Convert 5951aa (base 12) to base 7.
15144241
Convert -1332352 (base 6) to base 12.
-370b8
Convert -534715 (base 8) to base 16.
-2b9cd
What is -814217 (base 10) in base 8?
-3066211
What is -10100110001100 (base 2) in base 14?
-3c3a
Convert -52a1a97 (base 11) to base 9.
-18487835
Convert 67b97 (base 12) to base 16.
21be3
What is -331838 (base 9) in base 3?
-101001221022
102020122122012 (base 3) to base 14
b181ca
-3231026 (base 9) to base 3
-10021001000220
-23432444 (base 5) to base 13
-78227
What is a6a234 (base 12) in base 2?
1010000010001011001000
What is 2007846 (base 9) in base 4?
10010322003
111000001111101 (base 2) to base 15
87ec
Convert -1045305 (base 6) to base 7.
-310421
5c9edb (base 16) to base 13
1346b06
What is 8545 (base 16) in base 11?
236a6
What is 4420164 (base 7) in base 16?
84801
What is 8430 (base 11) in base 6?
123405
1100000101101110110111 (base 2) to base 14
5c6d5d
What is -d9747 (base 14) in base 15?
-a5aae
Convert -41040432 (base 5) to base 13.
-b7709
-246662 (base 8) to base 13
-2cb63
Convert -197bbb (base 12) to base 10.
-449279
What is -184314 (base 10) in base 14?
-4b254
-6157dd (base 14) to base 6
-154152103
1a3369 (base 11) to base 6
10403540
Convert -71615230 (base 8) to base 2.
-111001110001101010011000
-22108 (base 12) to base 14
-12600
5442660 (base 7) to base 12
281583
-11134434131 (base 5) to base 6
-1122121222
What is -8639d6 (base 14) in base 9?
-8484170
153104 (base 6) to base 10
14944
What is 1d66cf (base 16) in base 7?
22243451
1475372 (base 9) to base 2
11000111100101101101
-61966 (base 12) to base 9
-213826
13702b7 (base 13) to base 10
6141103
-87a5a (base 12) to base 11
-112947
-1429681 (base 12) to base 9
-7535777
Convert -13042030 (base 8) to base 9.
-5411401
Convert -43243424 (base 6) to base 3.
-2102002112221
9bac2 (base 15) to base 3
221011021002
What is 2f76d (base 16) in base 14?
50bc9
What is 109417 (base 11) in base 3?
22211001010
What is -3463093 (base 11) in base 2?
-10111000101010000001100
-155204212 (base 6) to base 5
-1323012242
Convert 11122323102 (base 4) to base 7.
15035613
-125171 (base 16) to base 11
-74aa51
Convert -965ea (base 16) to base 15.
-c275e
Convert 20320122022 (base 4) to base 7.
25534522
What is -2a1194 (base 11) in base 10?
-470067
What is -22402120 (base 5) in base 10?
-200285
-3258155 (base 10) to base 7
-36456665
What is -50616 (base 11) in base 5?
-4331243
-4dcbd5 (base 15) to base 11
-212401a
154002410 (base 6) to base 12
1116406
Convert -321330114 (base 5) to base 10.
-1355034
What is 69df1e (base 16) in base 9?
14044621
Convert -1490880 (base 10) to base 7.
-15446406
-1110100100110001101000 (base 2) to base 14
-716516
Convert -11011111000101111011 (base 2) to base 13.
-25cc04
Convert -362b54 (base 13) to base 6.
-43403251
Convert -2733346 (base 12) to base 16.
-76bd26
1110011010011010 (base 2) to base 16
e69a
What is -50c866 (base 14) in base 13?
-74497b
What is -130048 (base 9) in base 5?
-10010101
Convert 10b31 (base 15) to base 2.
1100111110011010
What is 62111054 (base 8) in base 15?
1249a80
What is -2362b80 (base 13) in base 7?
-162014156
What is -21014110 (base 6) in base 7?
-5113503
What is 22524a7 (base 12) in base 2?
11001000101110100111111
Convert -35046260 (base 7) to base 11.
-1808054
78b42 (base 12) to base 9
264275
b9630b (base 12) to base 4
23030130323
Convert -bc1b (base 16) to base 7.
-260252
-10346278 (base 9) to